?
60
What is the remainder when 8952 is divided by 11?
9
Calculate the remainder when 70098 is divided by 70088.
10
What is the remainder when 9950 is divided by 3299?
53
Calculate the remainder when 111318 is divided by 21.
18
Calculate the remainder when 374759 is divided by 360.
359
What is the remainder when 3070 is divided by 3041?
29
Calculate the remainder when 18992 is divided by 18860.
132
Calculate the remainder when 18622 is divided by 111.
85
Calculate the remainder when 2716 is divided by 1357.
2
Calculate the remainder when 26774 is divided by 10.
4
Calculate the remainder when 97279 is divided by 383.
380
Calculate the remainder when 21150 is divided by 605.
580
Calculate the remainder when 12258 is divided by 4059.
81
Calculate the remainder when 4510 is divided by 475.
235
What is the remainder when 7742 is divided by 1930?
22
Calculate the remainder when 1251473 is divided by 8074.
3
What is the remainder when 958 is divided by 117?
22
Calculate the remainder when 5254 is divided by 352.
326
What is the remainder when 9715 is divided by 4855?
5
What is the remainder when 194825 is divided by 465?
455
What is the remainder when 2881 is divided by 280?
81
What is the remainder when 8071 is divided by 1981?
147
Calculate the remainder when 2781940 is divided by 6.
4
Calculate the remainder when 58503 is divided by 250.
3
Calculate the remainder when 686 is divided by 156.
62
Calculate the remainder when 236042 is divided by 33718.
16
Calculate the remainder when 197375 is divided by 556.
551
What is the remainder when 1220937 is divided by 357?
354
Calculate the remainder when 199660 is divided by 3767.
9
Calculate the remainder when 10015 is divided by 286.
5
Calculate the remainder when 4802 is divided by 1593.
23
What is the remainder when 7089 is divided by 58?
13
What is the remainder when 2579 is divided by 184?
3
Calculate the remainder when 643 is divided by 571.
72
Calculate the remainder when 3582 is divided by 3556.
26
Calculate the remainder when 14645 is divided by 30.
5
What is the remainder when 10221 is divided by 269?
268
Calculate the remainder when 314870 is divided by 157433.
4
What is the remainder when 288974 is divided by 288964?
10
Calculate the remainder when 216957 is divided by 120.
117
Calculate the remainder when 2902 is divided by 328.
278
Calculate the remainder when 151722 is divided by 3096.
18
What is the remainder when 5607 is divided by 2790?
27
Calculate the remainder when 9353 is divided by 32.
9
What is the remainder when 15448 is divided by 1891?
320
What is the remainder when 4044 is divided by 254?
234
What is the remainder when 11350 is divided by 884?
742
What is the remainder when 525561 is divided by 39?
36
Calculate the remainder when 2246 is divided by 1285.
961
What is the remainder when 157969 is divided by 52649?
22
Calculate the remainder when 463999 is divided by 25.
24
Calculate the remainder when 60288 is divided by 243.
24
What is the remainder when 902535 is divided by 609?
606
Calculate the remainder when 41111 is divided by 2265.
341
What is the remainder when 30242 is divided by 5030?
62
Calculate the remainder when 7917 is divided by 366.
231
What is the remainder when 35515 is divided by 320?
315
Calculate the remainder when 7264 is divided by 524.
452
What is the remainder when 18209 is divided by 92?
85
What is the remainder when 1417 is divided by 25?
17
What is the remainder when 4114 is divided by 682?
22
What is the remainder when 4412 is divided by 2901?
1511
Calculate the remainder when 28984 is divided by 1317.
10
Calculate the remainder when 1284 is divided by 52.
36
Calculate the remainder when 8080 is divided by 70.
30
What is the remainder when 15019 is divided by 3740?
59
Calculate the remainder when 1593 is divided by 726.
141
What is the remainder when 5292404 is divided by 199?
198
What is the remainder when 1617 is divided by 526?
39
What is the remainder when 1080328 is divided by 395?
3
What is the remainder when 19119 is divided by 27?
3
Calculate the remainder when 260791 is divided by 28.
27
Calculate the remainder when 712 is divided by 336.
40
Calculate the remainder when 80786 is divided by 76.
74
What is the remainder when 6656 is divided by 465?
146
Calculate the remainder when 494079 is divided by 14.
5
What is the remainder when 8599 is divided by 25?
24
What is the remainder when 31806 is divided by 74?
60
Calculate the remainder when 18161 is divided by 29.
7
Calculate the remainder when 530892 is divided by 58988.
0
What is the remainder when 1641 is divided by 1381?
260
Calculate the remainder when 24164 is divided by 143.
140
Calculate the remainder when 5352 is divided by 469.
193
What is the remainder when 279401 is divided by 21492?
5
What is the remainder when 669942 is divided by 92?
90
Calculate the remainder when 5855 is divided by 90.
5
Calculate the remainder when 297519 is divided by 19.
17
What is the remainder when 4192 is divided by 220?
12
What is the remainder when 817 is divided by 340?
137
Calculate the remainder when 6059 is divided by 218.
173
What is the remainder when 2694 is divided by 266?
34
Calculate the remainder when 937985 is divided by 234492.
17
What is the remainder when 1032286 is divided by 663?
658
What is the remainder when 44130 is divided by 131?
114
What is the remainder when 134296 is divided by 81?
79
What is the remainder when 2728 is divided by 258?
148
Calculate the remainder when 436019 is divided by 163.
157
Calculate the remainder when 236911 is divided by 67.
66
What is the remainder when 2685 is divided by 333?
21
What is the remainder when 58774 is divided by 717?
697
Calculate the remainder when 64991 is divided by 21627.
110
Calculate the remainder when 112001 is divided by 33.
32
What is the remainder when 38471 is divided by 2564?
11
Calculate the remainder when 5073 is divided by 717.
54
Calculate the remainder when 5987 is divided by 46.
7
Calculate the remainder when 176841 is divided by 62.
17
Calculate the remainder when 762022 is divided by 131.
126
Calculate the remainder when 18147 is divided by 1157.
792
Calculate the remainder when 4105 is divided by 321.
253
Calculate the remainder when 200 is divided by 178.
22
What is the remainder when 80196 is divided by 403?
402
What is the remainder when 35050 is divided by 687?
13
What is the remainder when 79723 is divided by 6?
1
What is the remainder when 8297 is divided by 593?
588
Calculate the remainder when 36647 is divided by 59.
8
Calculate the remainder when 506477 is divided by 65.
62
What is the remainder when 56780 is divided by 178?
176
Calculate the remainder when 10697 is divided by 3227.
1016
Calculate the remainder when 248683 is divided by 740.
43
What is the remainder when 5876 is divided by 2903?
70
What is the remainder when 46403 is divided by 51?
44
What is the remainder when 16093 is divided by 4023?
1
What is the remainder when 70751 is divided by 361?
356
Calculate the remainder when 17419 is divided by 161.
31
Calculate the remainder when 44604 is divided by 275.
54
Calculate the remainder when 56781 is divided by 1671.
1638
What is the remainder when 10124 is divided by 324?
80
Calculate the remainder when 610963 is divided by 4.
3
What is the remainder when 26443 is divided by 501?
391
Calculate the remainder when 804410 is divided by 522.
8
What is the remainder when 1078 is divided by 67?
6
What is the remainder when 1126 is divided by 377?
372
Calculate the remainder when 10656 is divided by 1194.
1104
What is the remainder when 6315 is divided by 1257?
30
Calculate the remainder when 27822 is divided by 898.
882
Calculate the remainder when 1654 is divided by 1648.
6
Calculate the remainder when 758671 is divided by 2.
1
Calculate the remainder when 52738 is divided by 91.
49
Calculate the remainder when 7400 is divided by 1256.
1120
Calculate the remainder when 14951 is divided by 1660.
11
Calculate the remainder when 106781 is divided by 94.
91
Calculate the remainder when 9601 is divided by 274.
11
What is the remainder when 147921 is divided by 56?
25
What is the remainder when 5813 is divided by 2905?
3
Calculate the remainder when 3444148 is divided by 14.
8
What is the remainder when 7